s the greatest common divisor of 4371 and 465?
93
What is the greatest common factor of 60 and 45?
15
What is the greatest common divisor of 7296 and 57?
57
What is the highest common factor of 222 and 78?
6
What is the greatest common divisor of 6283 and 305?
61
What is the highest common divisor of 9991 and 291?
97
Calculate the highest common divisor of 72 and 16.
8
What is the greatest common factor of 98 and 4?
2
What is the greatest common divisor of 35 and 3115?
35
What is the highest common factor of 759 and 27?
3
Calculate the greatest common divisor of 126 and 238.
14
Calculate the highest common divisor of 1066 and 52.
26
What is the greatest common factor of 189 and 315?
63
What is the highest common factor of 70 and 80?
10
What is the highest common factor of 713 and 46?
23
Calculate the highest common factor of 655 and 524.
131
What is the greatest common divisor of 36 and 1764?
36
Calculate the greatest common factor of 4806 and 864.
54
What is the highest common divisor of 225 and 18625?
25
Calculate the highest common divisor of 1768 and 85.
17
Calculate the highest common factor of 224 and 56.
56
What is the greatest common factor of 539 and 99?
11
What is the highest common divisor of 1260 and 60?
60
Calculate the highest common divisor of 297 and 108.
27
What is the highest common divisor of 378 and 1242?
54
What is the highest common divisor of 27 and 4509?
27
Calculate the greatest common divisor of 20 and 820.
20
Calculate the greatest common divisor of 344 and 86.
86
What is the greatest common factor of 425 and 1225?
25
Calculate the greatest common factor of 36 and 45.
9
Calculate the greatest common factor of 57 and 3477.
57
What is the highest common factor of 30 and 21435?
15
What is the highest common factor of 174 and 16269?
87
Calculate the highest common factor of 14 and 511.
7
Calculate the greatest common divisor of 4 and 16.
4
What is the highest common divisor of 42 and 63?
21
What is the greatest common divisor of 18 and 144?
18
Calculate the highest common divisor of 72 and 1548.
36
What is the highest common divisor of 12 and 5652?
12
Calculate the highest common divisor of 460 and 115.
115
Calculate the greatest common factor of 1075 and 125.
25
Calculate the greatest common factor of 46 and 23.
23
What is the greatest common factor of 12 and 600?
12
What is the highest common divisor of 18437 and 103?
103
What is the greatest common factor of 231 and 42?
21
Calculate the greatest common divisor of 47 and 8.
1
Calculate the highest common factor of 36 and 9594.
18
What is the greatest common factor of 368 and 28?
4
Calculate the highest common factor of 25 and 200.
25
What is the highest common divisor of 83 and 11?
1
What is the highest common divisor of 34 and 68?
34
What is the greatest common divisor of 2826 and 36?
18
What is the highest common factor of 6012 and 72?
36
Calculate the greatest common divisor of 33 and 36.
3
Calculate the greatest common divisor of 19 and 1159.
19
Calculate the greatest common factor of 792 and 54.
18
Calculate the greatest common divisor of 3743 and 19.
19
What is the highest common factor of 22 and 1738?
22
What is the greatest common divisor of 639 and 284?
71
Calculate the highest common divisor of 13680 and 15.
15
What is the greatest common factor of 25 and 190?
5
What is the greatest common divisor of 153 and 17?
17
Calculate the highest common divisor of 2500 and 200.
100
Calculate the greatest common divisor of 960 and 84.
12
Calculate the highest common divisor of 14 and 742.
14
Calculate the highest common divisor of 361 and 1121.
19
What is the highest common factor of 323 and 272?
17
Calculate the highest common factor of 10912 and 16.
16
What is the highest common factor of 27 and 297?
27
Calculate the highest common factor of 12 and 102.
6
What is the highest common divisor of 525 and 150?
75
What is the highest common factor of 805 and 595?
35
Calculate the greatest common divisor of 180 and 270.
90
Calculate the greatest common divisor of 4 and 1.
1
Calculate the highest common divisor of 1139 and 85.
17
What is the greatest common divisor of 130 and 85?
5
Calculate the highest common factor of 11297 and 79.
79
Calculate the greatest common divisor of 92 and 24449.
23
What is the greatest common divisor of 30 and 9910?
10
What is the greatest common factor of 24 and 276?
12
Calculate the greatest common divisor of 76 and 57.
19
Calculate the greatest common factor of 54 and 414.
18
What is the greatest common divisor of 6500 and 50?
50
Calculate the highest common divisor of 1300 and 110.
10
What is the greatest common divisor of 93 and 310?
31
Calculate the greatest common divisor of 20898 and 18.
18
Calculate the greatest common factor of 156 and 2457.
39
Calculate the greatest common divisor of 451 and 164.
41
What is the highest common divisor of 82 and 615?
41
Calculate the greatest common factor of 93 and 279.
93
Calculate the greatest common factor of 416 and 32.
32
Calculate the greatest common factor of 19 and 1539.
19
What is the greatest common factor of 9 and 93?
3
Calculate the greatest common divisor of 84 and 6.
6
Calculate the greatest common divisor of 56 and 448.
56
What is the highest common factor of 8 and 512?
8
What is the highest common factor of 12516 and 147?
21
Calculate the greatest common divisor of 100 and 80.
20
What is the greatest common factor of 118 and 826?
118
Calculate the highest common divisor of 36 and 126.
18
Calculate the greatest common divisor of 324 and 144.
36
What is the highest common factor of 855 and 95?
95
What is the greatest common divisor of 66 and 660?
66
Calculate the greatest common factor of 8757 and 7.
7
Calculate the highest common divisor of 228 and 84.
12
What is the highest common factor of 3456 and 960?
192
Calculate the greatest common factor of 90 and 432.
18
What is the highest common divisor of 54 and 141?
3
What is the greatest common factor of 26 and 208?
26
Calculate the highest common factor of 330 and 198.
66
What is the greatest common divisor of 30860 and 20?
20
What is the highest common divisor of 536 and 16?
8
Calculate the highest common factor of 342 and 72.
18
What is the highest common factor of 10521 and 63?
63
What is the greatest common factor of 81 and 162?
81
Calculate the highest common divisor of 8 and 444.
4
Calculate the greatest common factor of 78 and 30.
6
What is the highest common factor of 1536 and 48?
48
Calculate the highest common factor of 114 and 6.
6
Calculate the highest common divisor of 124 and 1032.
4
What is the highest common divisor of 952 and 56?
56
Calculate the greatest common divisor of 410 and 246.
82
What is the greatest common factor of 101 and 101?
101
Calculate the greatest common divisor of 275 and 44.
11
What is the greatest common divisor of 18 and 66?
6
Calculate the greatest common divisor of 7967 and 31.
31
Calculate the greatest common divisor of 38 and 266.
38
What is the highest common divisor of 5429 and 267?
89
Calculate the highest common factor of 540 and 2376.
108
What is the highest common factor of 3003 and 42?
21
What is the highest common divisor of 429 and 528?
33
Calculate the greatest common divisor of 46081 and 58.
29
What is the greatest common factor of 134 and 201?
67
What is the greatest common divisor of 10914 and 68?
34
Calculate the greatest common divisor of 70 and 315.
35
Calculate the highest common divisor of 20 and 8.
4
What is the greatest common divisor of 1391 and 13?
13
What is the highest common divisor of 264 and 2211?
33
What is the greatest common divisor of 2279 and 742?
53
What is the highest common factor of 180 and 3204?
36
What is the highest common factor of 266 and 418?
38
What is the greatest common factor of 57233 and 43?
43
What is the greatest common divisor of 368 and 16?
16
Calculate the greatest common divisor of 1 and 37.
1
What is the highest common factor of 20 and 22390?
10
Calculate the highest common divisor of 408 and 42.
6
What is the greatest common factor of 1265 and 495?
55
What is the highest common divisor of 8 and 20?
4
What is the highest common factor of 3846 and 6?
6
Calculate the highest common divisor of 784 and 560.
112
What is the highest common divisor